 41213
List the prime factors of 622281.
3, 11, 109, 173
List the prime factors of 646201.
41, 15761
List the prime factors of 33554549.
7, 17, 281971
List the prime factors of 3848726.
2, 7, 274909
What are the prime factors of 1589700?
2, 3, 5, 7, 757
List the prime factors of 865797.
3, 41, 7039
What are the prime factors of 81903?
3, 23, 1187
What are the prime factors of 3628539?
3, 53, 7607
List the prime factors of 16845133.
449, 37517
What are the prime factors of 102871?
102871
What are the prime factors of 2490615?
3, 5, 19, 971
What are the prime factors of 3694878?
2, 3, 11, 18661
What are the prime factors of 7199595?
3, 5, 13, 31, 397
List the prime factors of 8620170.
2, 3, 5, 13, 23, 31
List the prime factors of 151794.
2, 3, 937
What are the prime factors of 17463678?
2, 3, 2910613
List the prime factors of 17037732.
2, 3, 29, 173, 283
What are the prime factors of 17884297?
4217, 4241
What are the prime factors of 2496556?
2, 624139
What are the prime factors of 8990440?
2, 5, 43, 5227
List the prime factors of 947559.
3, 257, 1229
List the prime factors of 4670976.
2, 3, 3041
List the prime factors of 229894.
2, 7, 16421
List the prime factors of 4486468.
2, 7, 160231
What are the prime factors of 2022010?
2, 5, 202201
List the prime factors of 478417.
478417
List the prime factors of 3723281.
29, 128389
What are the prime factors of 447431?
19, 23549
What are the prime factors of 239808?
2, 3, 1249
What are the prime factors of 323855?
5, 7, 19, 487
List the prime factors of 16091512.
2, 2011439
What are the prime factors of 271404?
2, 3, 7, 359
List the prime factors of 305310.
2, 3, 5, 10177
What are the prime factors of 4824468?
2, 3, 11, 31, 131
List the prime factors of 183886.
2, 91943
What are the prime factors of 132991?
17, 7823
List the prime factors of 1059576.
2, 3, 7, 17, 53
What are the prime factors of 221478?
2, 3, 36913
List the prime factors of 513425.
5, 11, 1867
List the prime factors of 1901354.
2, 7, 13, 31, 337
List the prime factors of 1014014.
2, 29, 17483
List the prime factors of 1329095.
5, 265819
List the prime factors of 1836434.
2, 59, 79, 197
List the prime factors of 2653330.
2, 5, 265333
List the prime factors of 6900.
2, 3, 5, 23
What are the prime factors of 697406?
2, 23, 15161
List the prime factors of 583370.
2, 5, 58337
List the prime factors of 22076.
2, 5519
List the prime factors of 642384.
2, 3, 1487
What are the prime factors of 11125746?
2, 3, 47, 13151
What are the prime factors of 291403?
7, 19, 313
What are the prime factors of 138951?
3, 15439
What are the prime factors of 3223740?
2, 3, 5, 13, 4133
List the prime factors of 1091920.
2, 5, 13649
List the prime factors of 118324.
2, 29581
What are the prime factors of 3050372?
2, 13, 58661
What are the prime factors of 2176268?
2, 193, 2819
List the prime factors of 134905.
5, 26981
What are the prime factors of 9640667?
9640667
List the prime factors of 1347161.
47, 28663
What are the prime factors of 86367?
3, 28789
List the prime factors of 3618700.
2, 5, 36187
What are the prime factors of 549313?
549313
What are the prime factors of 732164?
2, 183041
What are the prime factors of 514662?
2, 3, 31, 2767
What are the prime factors of 412971?
3, 13, 10589
What are the prime factors of 11749595?
5, 11, 13, 16433
List the prime factors of 1019115.
3, 5, 7549
What are the prime factors of 3014147?
3014147
What are the prime factors of 449966?
2, 11, 113, 181
What are the prime factors of 13896058?
2, 11, 487, 1297
List the prime factors of 1267034.
2, 19, 33343
List the prime factors of 3100451.
127, 24413
List the prime factors of 868510.
2, 5, 86851
List the prime factors of 154329.
3, 7, 7349
List the prime factors of 407990.
2, 5, 11, 3709
What are the prime factors of 103503?
3, 34501
List the prime factors of 675591.
3, 7, 53, 607
What are the prime factors of 4285801?
13, 329677
List the prime factors of 3084642.
2, 3, 11, 577
What are the prime factors of 1322001?
3, 19, 859
What are the prime factors of 1373490?
2, 3, 5, 5087
What are the prime factors of 973902?
2, 3, 19, 8543
What are the prime factors of 8685593?
7, 177257
List the prime factors of 49320.
2, 3, 5, 137
What are the prime factors of 10816464?
2, 3, 225343
What are the prime factors of 31888438?
2, 59, 270241
What are the prime factors of 4356102?
2, 3, 277, 2621
What are the prime factors of 15022721?
7, 2146103
List the prime factors of 320476.
2, 13, 6163
What are the prime factors of 925471?
19, 67, 727
List the prime factors of 18681442.
2, 13, 281, 2557
What are the prime factors of 116788?
2, 7, 43, 97
What are the prime factors of 11845858?
2, 139, 42611
What are the prime factors of 673508?
2, 11, 15307
What are the prime factors of 1229901?
3, 409967
What are the prime factors of 176648?
2, 71, 311
List the prime factors of 53937.
3, 13, 461
What are the prime factors of 4121671?
251, 16421
What are the prime factors of 7163419?
23, 311453
List the prime factors of 14716753.
14716753
List the prime factors of 4256.
2, 7, 19
List the prime factors of 313067.
47, 6661
What are the prime factors of 15780743?
11, 17, 84389
What are the prime factors of 15964702?
2, 13, 157, 3911
List the prime factors of 4048410.
2, 3, 5, 134947
What are the prime factors of 16285590?
2, 3, 5, 60317
List the prime factors of 155988.
2, 3, 7, 619
List the prime factors of 4158659.
17, 43, 5689
List the prime factors of 2033010.
2, 3, 5, 7, 461
What are the prime factors of 5765621?
1663, 3467
What are the prime factors of 12659633?
7, 53, 34123
List the prime factors of 187103.
7, 26729
What are the prime factors of 114724?
2, 23, 29, 43
What are the prime factors of 18371679?
3, 17, 360229
What are the prime factors of 23101870?
2, 5, 11, 103, 2039
List the prime factors of 226627.
17, 13331
List the prime factors of 1018619.
7, 145517
List the prime factors of 195858.
2, 3, 13, 31
List the prime factors of 226009.
7, 83, 389
List the prime factors of 1094051.
7, 73, 2141
List the prime factors of 62848.
2, 491
What are the prime factors of 1330551?
3, 19, 31, 251
What are the prime factors of 1820338?
2, 13, 53, 1321
List the prime factors of 1514966.
2, 233, 3251
What are the prime factors of 19820461?
19820461
List the prime factors of 1890587.
17, 111211
List the prime factors of 2033046.
2, 3, 37649
List the prime factors of 626415.
3, 5, 41761
List the prime factors of 335015.
5, 67003
What are the prime factors of 8277756?
2, 3, 83, 8311
List the prime factors of 7793686.
2, 19, 205097
List the prime factors of 4642147.
307, 15121
List the prime factors of 10635822.
2, 3, 179, 3301
List the prime factors of 277744.
2, 17359
What are the prime factors of 35201?
35201
What are the prime factors of 2258293?
193, 11701
List the prime factors of 1189524.
2, 3, 7, 17
What are the prime factors of 613059?
3, 204353
List the prime factors of 10654220.
2, 5, 59, 9029
What are the prime factors of 34266?
2, 3, 5711
List the prime factors of 931850.
2, 5, 18637
List the prime factors of 29129.
29129
List the prime factors of 70566.
2, 3, 19, 619
List the prime factors of 1775719.
11, 109, 1481
What are the prime factors of 6096110?
2, 5, 43, 14177
What are the prime factors of 12122420?
2, 5, 606121
What are the prime factors of 752781?
3, 59, 4253
What are the prime factors of 14135950?
2, 5, 269, 1051
List the prime factors of 135421.
11, 13, 947
List the prime factors of 6685759.
6685759
List the prime factors of 8627488.
2, 359, 751
List the prime factors of 919851.
3, 29, 97, 109
What are the prime factors of 261577?
261577
What are the prime factors of 1569524?
2, 11, 35671
What are the prime factors of 113246?
2, 7, 8089
What are the prime factors of 1824258?
2, 3, 47, 6469
List the prime factors of 404555.
5, 80911
What are the prime factors of 5562?
2, 3, 103
What are the prime factors of 614427?
3, 11, 43, 433
What are the prime factors of 4938939?
3, 548771
What are the prime factors of 805700?
2, 5, 7, 1151
What are the prime factors of 1261053?
3, 61, 2297
List the prime factors of 4987802.
2, 83, 30047
What are the prime factors of 17036477?
1061, 16057
List the prime factors of 2151652.
2, 537913
What are the prime factors of 357079?
357079
What 